{"id":22,"date":"2023-05-04T13:38:35","date_gmt":"2023-05-04T13:38:35","guid":{"rendered":"https:\/\/eshoearnkori.com\/?page_id=22"},"modified":"2023-05-16T10:36:52","modified_gmt":"2023-05-16T10:36:52","slug":"hitta-ett-utlandskt-casino-att-spela-pa","status":"publish","type":"page","link":"https:\/\/eshoearnkori.com\/?page_id=22","title":{"rendered":"Hitta ett utl\u00e4ndskt casino att spela p\u00e5"},"content":{"rendered":"<p>Som svensk \u00e4r det m\u00f6jligt att spela p\u00e5 utl\u00e4ndska casinon. Utl\u00e4ndska casinon finns dock inte p\u00e5 svenska och b\u00e5de spelutbudet och bonusarna kan skilja mellan olika casinon. F\u00f6r att hitta ett bra utl\u00e4ndskt casino som passar dig \u00e4r det en bra id\u00e9 att g\u00f6ra en del efterforskningar.<\/p>\n<p>Ett utl\u00e4ndskt casino \u00e4r ett casino som inte har en svensk spellicens. Utl\u00e4ndska casinon \u00e4r verksamma i andra l\u00e4nder. Men var det utl\u00e4ndska casinot h\u00e4rstammar ifr\u00e5n har mindre betydelse n\u00e4r du ska hitta ett utl\u00e4ndskt casino att spela p\u00e5. Det spelar mycket st\u00f6rre roll vilka tj\u00e4nster som casinot erbjuder och vilket spelutbud som finns. Utl\u00e4ndska casinon kan precis som svenska ha en licens. Det finns olika casinolicenser som utl\u00e4ndska casinon kan ha. Det som skiljer utl\u00e4ndska licenser fr\u00e5n den svenska licensen \u00e4r att de utl\u00e4ndska licenserna inte har lika h\u00e5rda krav p\u00e5 exempelvis bonusar och lojalitetsprogram &#8211; <a href=\"https:\/\/utl\u00e4ndskacasino.biz\">villkor p\u00e5 utl\u00e4ndska casinon<\/a>.<\/p>\n<p>Utl\u00e4ndska casinon erbjuder trygg spelmilj\u00f6<br \/>\nDet finns m\u00e5nga utl\u00e4ndska casinon som erbjuder en trygg spelmilj\u00f6 och en s\u00e4ker spelupplevelse. N\u00e4r du ska v\u00e4lja ett utl\u00e4ndskt casino att spela p\u00e5 \u00e4r det betydelsefullt att l\u00e4sa igenom de villkor och best\u00e4mmelser som g\u00e4ller f\u00f6r just det casinot. Det \u00e4r \u00e4ven viktigt att du kollar om och vilken licens casinot har. N\u00e4r du spelar p\u00e5 ett utl\u00e4ndskt casino \u00e4r det bra att veta att de ofta \u00e4r tillg\u00e4ngliga bara p\u00e5 engelska eller n\u00e5got annat spr\u00e5k. Det inneb\u00e4r att kundsupporten inte \u00e4r p\u00e5 svenska. Det \u00e4r en stor f\u00f6rdel om du \u00e4r bra p\u00e5 engelska om du ska spela p\u00e5 ett utl\u00e4ndskt casino, speciellt om du <a href=\"https:\/\/mind.se\/hitta-ratt-kontakt\/jourer-och-linjer-om-du-behover-prata\/\">beh\u00f6ver hj\u00e4lp med n\u00e5got<\/a>.<\/p>\n<p>Betalningsmetoder p\u00e5 utl\u00e4ndska casinon<br \/>\nN\u00e4r du spelar p\u00e5 ett utl\u00e4ndskt casino \u00e4r inga transaktioner till och fr\u00e5n casinot i svenska kronor. Det finns dock bra och smidiga l\u00f6sningar som hanterar detta. Det finns exempelvis digitala pl\u00e5nb\u00f6cker d\u00e4r dina pengar kan v\u00e4xlas till valbar valuta. Det \u00e4r bra att <a href=\"https:\/\/support.google.com\/accounts\/answer\/9244912?hl=sv\">kolla vilka betalningsmetoder<\/a> som det utl\u00e4ndska casinot erbjuder innan du registrerar dig. En del \u00e4r b\u00e4ttre \u00e4n andra.<\/p>\n<p>J\u00e4mf\u00f6r olika utl\u00e4ndska casinon<br \/>\nDet finns flera parametrar som du kan g\u00e5 efter n\u00e4r du ska v\u00e4lja ut ett utl\u00e4ndskt casino. Betalningsmetoder, kundtj\u00e4nstens \u00f6ppettider, spelutbud, lojalitetsprogram och bonusar \u00e4r saker som du kan v\u00e4lja casino utifr\u00e5n. Det \u00e4r m\u00f6jligt att p\u00e5 n\u00e4tet j\u00e4mf\u00f6ra och s\u00f6ka p\u00e5 casinon utifr\u00e5n exempelvis bonusar. N\u00e4r det kommer till bonusar \u00e4r det alltid betydelsefullt att l\u00e4sa igenom vilka regler och villkor som f\u00f6ljer med bonusen. Det kan variera mellan olika casinon vad som kr\u00e4vs av dig f\u00f6r att du ska f\u00e5 bonusen.<\/p>\n<p>Registrering hos utl\u00e4ndska casinon<br \/>\nN\u00e4r du har hittat ett utl\u00e4ndskt casino som faller dig i smaken \u00e4r det dags att registrera dig. En del utl\u00e4ndska casinon erbjuder BankID som verifieringsmetod vilket \u00e4r smidigt. N\u00e4r du \u00e4r registrerad kan du s\u00e4tta in pengar, hitta ett spel och b\u00f6rja spela.<\/p>\n<p>&nbsp;<\/p>\n","protected":false},"excerpt":{"rendered":"<p>Som svensk \u00e4r det m\u00f6jligt att spela p\u00e5 utl\u00e4ndska casinon. Utl\u00e4ndska casinon finns dock inte p\u00e5 svenska och b\u00e5de spelutbudet och bonusarna kan skilja mellan olika casinon. F\u00f6r att hitta ett bra utl\u00e4ndskt casino som passar dig \u00e4r det en bra id\u00e9 att g\u00f6ra en del efterforskningar. Ett utl\u00e4ndskt casino \u00e4r ett casino som inte [&hellip;]<\/p>\n","protected":false},"author":3,"featured_media":0,"parent":0,"menu_order":0,"comment_status":"closed","ping_status":"closed","template":"","meta":[],"_links":{"self":[{"href":"https:\/\/eshoearnkori.com\/index.php?rest_route=\/wp\/v2\/pages\/22"}],"collection":[{"href":"https:\/\/eshoearnkori.com\/index.php?rest_route=\/wp\/v2\/pages"}],"about":[{"href":"https:\/\/eshoearnkori.com\/index.php?rest_route=\/wp\/v2\/types\/page"}],"author":[{"embeddable":true,"href":"https:\/\/eshoearnkori.com\/index.php?rest_route=\/wp\/v2\/users\/3"}],"replies":[{"embeddable":true,"href":"https:\/\/eshoearnkori.com\/index.php?rest_route=%2Fwp%2Fv2%2Fcomments&post=22"}],"version-history":[{"count":1,"href":"https:\/\/eshoearnkori.com\/index.php?rest_route=\/wp\/v2\/pages\/22\/revisions"}],"predecessor-version":[{"id":24,"href":"https:\/\/eshoearnkori.com\/index.php?rest_route=\/wp\/v2\/pages\/22\/revisions\/24"}],"wp:attachment":[{"href":"https:\/\/eshoearnkori.com\/index.php?rest_route=%2Fwp%2Fv2%2Fmedia&parent=22"}],"curies":[{"name":"wp","href":"https:\/\/api.w.org\/{rel}","templated":true}]}}