{"id":26,"date":"2023-05-12T09:34:12","date_gmt":"2023-05-12T09:34:12","guid":{"rendered":"https:\/\/eshoearnkori.com\/?page_id=26"},"modified":"2023-05-16T10:36:56","modified_gmt":"2023-05-16T10:36:56","slug":"sportbetting-regler-och-rutiner","status":"publish","type":"page","link":"https:\/\/eshoearnkori.com\/?page_id=26","title":{"rendered":"Sportbetting &#8211; regler och rutiner"},"content":{"rendered":"<p>N\u00e4r det g\u00e4ller sportsbetting finns det en sak du alltid kan r\u00e4kna med: oddsen \u00e4ndrar sig i princip hela tiden. Det f\u00f6rhandstips du trodde du var stens\u00e4ker p\u00e5 ena dagen g\u00e5r inte att lita p\u00e5 n\u00e4sta dag, vilket g\u00f6r att du b\u00f6r f\u00f6lja s\u00e5 m\u00e5nga av experternas tips som m\u00f6jligt d\u00e5 de kan ge en fingervisning om hur du b\u00f6r betta. L\u00e4s vidare f\u00f6r mer om regler och rutiner f\u00f6r sportbetting p\u00e5 <a href=\"https:\/\/betting-utan-svensk-licens.net\/\">https:\/\/betting-utan-svensk-licens.net\/<\/a>.<\/p>\n<p>Licenser och skatter<br \/>\nN\u00e4r det g\u00e4ller Europa \u00e4r marknaden f\u00f6r det mesta helt \u00f6ppen, \u00e5tminstone sett till casinospel och sportbettlng online. F\u00f6r den som v\u00e4ljer att spela p\u00e5 icke svenskregistrerade sajter g\u00e4ller det d\u00e4rf\u00f6r att kolla upp vilka skatteregler som g\u00e4ller.<\/p>\n<p>I vissa l\u00e4nder, som exempelvis Costa Rica, \u00e4r det till exempel f\u00f6rbjudet att betala ut skattefria vinster om casinot ifr\u00e5ga saknar licens. F\u00f6r onlinecasinon som faktiskt \u00e4r licensierade och tillh\u00f6r EU, \u00e4r det skattefria vinster som g\u00e4ller. N\u00e5got som bland annat innefattar spelare som v\u00e4ljer att spela p\u00e5 svensklicensierade sajter. I Sverige har alla spelbolag \u00e4ven en \u00e5ldersgr\u00e4ns p\u00e5 minst 18 \u00e5r.<\/p>\n<p>Sports book<br \/>\nDet engelska begreppet sports book kan, direkt \u00f6versatt och n\u00e5got f\u00f6renklat, beskrivas som en sportbok som normalt sett inneh\u00e5ller ett stort antal spel, t\u00e4vlingar och m\u00e4sterskap som g\u00e5r att spela p\u00e5. Vanliga sporter inkluderar bland annat fotboll, golf, boxning, basket, ishockey och kampsport. Hur vadslagningen g\u00e5r till varierar beroende p\u00e5 sport och typ av spel.<\/p>\n<p>L\u00e5goddsare<br \/>\nM\u00e5nga \u00e4r de idrottare som k\u00e4mpar p\u00e5 utan att n\u00e5gonsin vinna en t\u00e4vling. Det g\u00e4ller s\u00e5v\u00e4l p\u00e5 <a href=\"https:\/\/sok.se\/pressmeddelanden\/2015-10-21-startskott-for-framtidens-hjaltar.html\">individ- som lagniv\u00e5<\/a>, och kan bero p\u00e5 allt fr\u00e5n skador till avhopp eller en d\u00e5lig s\u00e4song. Dessa idrottare \u00e4r vad man i sportbettingsammanhang kallar f\u00f6r l\u00e5goddsare. Spelare som har varit med ett tag v\u00e5gar ofta satsa p\u00e5 l\u00e5goddsare, medan nyb\u00f6rjare oftast v\u00e4ljer att spela mer s\u00e4kert. Det kan dock l\u00f6na sig att spela lite mer p\u00e5 risk ibland, d\u00e5 det brukar visa sig i vinstpottens storlek.<\/p>\n<p>Att l\u00e5goddsarna kan ge klirr i kassan beror p\u00e5 att m\u00e5nga fler v\u00e4ljer att satsa p\u00e5 h\u00f6goddsarna, det vill s\u00e4ga de lag eller idrottare som f\u00f6rv\u00e4ntas vinna. Det betyder att den eventuella vinstpotten m\u00e5ste delas upp p\u00e5 m\u00e5nga fler spelare.<\/p>\n<p><img decoding=\"async\" loading=\"lazy\" class=\"size-medium wp-image-27 alignright\" src=\"https:\/\/eshoearnkori.com\/wp-content\/uploads\/2023\/05\/d2YtdPbUPOGb-300x200.jpg\" alt=\"Spela online\" width=\"300\" height=\"200\" srcset=\"https:\/\/eshoearnkori.com\/wp-content\/uploads\/2023\/05\/d2YtdPbUPOGb-300x200.jpg 300w, https:\/\/eshoearnkori.com\/wp-content\/uploads\/2023\/05\/d2YtdPbUPOGb-768x512.jpg 768w, https:\/\/eshoearnkori.com\/wp-content\/uploads\/2023\/05\/d2YtdPbUPOGb.jpg 1001w\" sizes=\"(max-width: 300px) 100vw, 300px\" \/><\/p>\n<p>Spela p\u00e5 olika resultat<br \/>\nDet \u00e4r vanligt att betta inf\u00f6r ett st\u00f6rre m\u00e4sterskap eller en extra viktig match. F\u00f6r spelare som f\u00f6redrar att satsa live, det vill s\u00e4ga att spela p\u00e5 liveodds, v\u00e4ntar oftast en nagelbitare under p\u00e5g\u00e5ende t\u00e4vling eller match. Detta g\u00e4ller i synnerhet f\u00f6r den som har spelat p\u00e5 olika resultat som f\u00f6rsta m\u00e5let, flest m\u00e5lvaktsr\u00e4ddningar eller f\u00f6rsta gula kortet etc.<\/p>\n<p>F\u00f6r spelare som vill ha b\u00e5da delar finns det m\u00f6jlighet att gardera sig genom att satsa p\u00e5 just b\u00e5da delar. H\u00e4r b\u00f6r du allts\u00e5 v\u00e4ga vinstsumman mot en eventuell seger och sj\u00e4lva spelandet mot varandra, och best\u00e4mma dig f\u00f6r vad som \u00e4r viktigast f\u00f6r just dig.<\/p>\n<p>Ta hj\u00e4lp av experternas tips<br \/>\nVanligtvis finns det en ganska gener\u00f6s m\u00e4ngd f\u00f6rhandstips inf\u00f6r olika evenemang, vilka ofta omfattas av m\u00f6jligheten att f\u00e5 viktiga sportuppdateringar direkt i mobilen. Det kan vara bra att samla p\u00e5 sig s\u00e5 m\u00e5nga tips som m\u00f6jligt och f\u00f6rs\u00f6ka bed\u00f6ma m\u00f6jliga resultat <a href=\"https:\/\/www.soderbergpartners.se\/insikt\/artiklar\/juridik\/experternas-tips--sa-sparar-du-tryggare-och-smartare\/\">utifr\u00e5n experternas tips<\/a>. N\u00e4r du har blivit lite mer varm i kl\u00e4derna kan det vara v\u00e4rt att satsa en slant p\u00e5 en och annan l\u00e5goddsare f\u00f6r att f\u00e5 chans p\u00e5 de riktigt stora summorna.<\/p>\n<p>F\u00f6r mer garanterat goda vinstchanser rekommenderar man annars bettlng p\u00e5 olika nummerspel, s\u00e5som Lotto eller Eurojackpot, d\u00e4r vinstsummorna kan bli riktigt h\u00f6ga. Dock \u00e4r det viktigt att komma ih\u00e5g att det kr\u00e4vs tid f\u00f6r att l\u00e4ra sig alla regler och rutiner f\u00f6r sportbetting, och att framg\u00e5ngsrika spelare oftast har \u00e4gnat mycket tid \u00e5t att bygga upp en h\u00e5llbar och vinnande strategi.<\/p>\n","protected":false},"excerpt":{"rendered":"<p>N\u00e4r det g\u00e4ller sportsbetting finns det en sak du alltid kan r\u00e4kna med: oddsen \u00e4ndrar sig i princip hela tiden. Det f\u00f6rhandstips du trodde du var stens\u00e4ker p\u00e5 ena dagen g\u00e5r inte att lita p\u00e5 n\u00e4sta dag, vilket g\u00f6r att du b\u00f6r f\u00f6lja s\u00e5 m\u00e5nga av experternas tips som m\u00f6jligt d\u00e5 de kan ge en [&hellip;]<\/p>\n","protected":false},"author":3,"featured_media":0,"parent":0,"menu_order":0,"comment_status":"closed","ping_status":"closed","template":"","meta":[],"_links":{"self":[{"href":"https:\/\/eshoearnkori.com\/index.php?rest_route=\/wp\/v2\/pages\/26"}],"collection":[{"href":"https:\/\/eshoearnkori.com\/index.php?rest_route=\/wp\/v2\/pages"}],"about":[{"href":"https:\/\/eshoearnkori.com\/index.php?rest_route=\/wp\/v2\/types\/page"}],"author":[{"embeddable":true,"href":"https:\/\/eshoearnkori.com\/index.php?rest_route=\/wp\/v2\/users\/3"}],"replies":[{"embeddable":true,"href":"https:\/\/eshoearnkori.com\/index.php?rest_route=%2Fwp%2Fv2%2Fcomments&post=26"}],"version-history":[{"count":1,"href":"https:\/\/eshoearnkori.com\/index.php?rest_route=\/wp\/v2\/pages\/26\/revisions"}],"predecessor-version":[{"id":28,"href":"https:\/\/eshoearnkori.com\/index.php?rest_route=\/wp\/v2\/pages\/26\/revisions\/28"}],"wp:attachment":[{"href":"https:\/\/eshoearnkori.com\/index.php?rest_route=%2Fwp%2Fv2%2Fmedia&parent=26"}],"curies":[{"name":"wp","href":"https:\/\/api.w.org\/{rel}","templated":true}]}}